625 a multiple of 9?
True
Does 33 divide 1419?
True
Is 8 a factor of 118040?
True
Is 13 a factor of 514747?
False
Is 21 a factor of 69331?
False
Is 1141 a factor of 26040500?
False
Is 32 a factor of 434195?
False
Is 69 a factor of 454296?
True
Is 50 a factor of 3725176?
False
Is 10886 a multiple of 17?
False
Is 14875770 a multiple of 14?
True
Is 4 a factor of 611659?
False
Is 79 a factor of 1057452?
False
Is 417675 a multiple of 15?
True
Is 23 a factor of 2136508?
False
Is 47 a factor of 28247?
True
Is 938 a multiple of 2?
True
Is 7 a factor of 1508458?
True
Does 273 divide 473109?
True
Is 1009375 a multiple of 35?
False
Is 409 a factor of 3080179?
True
Is 7519414 a multiple of 34?
False
Does 21 divide 4938360?
True
Is 13272 a multiple of 28?
True
Does 126 divide 11150150?
False
Does 355 divide 587346?
False
Does 9 divide 73730?
False
Is 85 a factor of 163779?
False
Does 319 divide 249756?
False
Is 3307323 a multiple of 78?
False
Is 135360 a multiple of 94?
True
Is 5680747 a multiple of 61?
True
Is 24 a factor of 3176734?
False
Is 44 a factor of 190036?
True
Is 318 a factor of 146280?
True
Is 1229968 a multiple of 209?
False
Does 412 divide 2006852?
True
Is 442 a factor of 505206?
True
Is 223972 a multiple of 28?
True
Is 30190497 a multiple of 366?
False
Does 899 divide 3508797?
True
Is 242748 a multiple of 27?
False
Is 217 a factor of 2969086?
False
Is 955504 a multiple of 16?
True
Is 89 a factor of 240297?
False
Is 1869584 a multiple of 65?
False
Is 13137401 a multiple of 1242?
False
Is 41 a factor of 1196578?
False
Does 273 divide 7586943?
True
Is 24 a factor of 9451349?
False
Is 40 a factor of 6217400?
True
Does 80 divide 10905840?
True
Is 40581 a multiple of 3?
True
Does 163 divide 188220?
False
Does 975 divide 3320850?
True
Does 394 divide 330136?
False
Does 6 divide 1760?
False
Does 66 divide 419441?
False
Is 187 a factor of 207624?
False
Does 44 divide 32560?
True
Is 5525652 a multiple of 279?
False
Is 43662 a multiple of 6?
True
Is 337 a factor of 11458?
True
Is 22 a factor of 848091?
False
Is 122265 a multiple of 19?
True
Is 621130 a multiple of 86?
False
Is 78 a factor of 10004904?
True
Is 102672 a multiple of 186?
True
Is 5787502 a multiple of 101?
True
Does 21 divide 41873?
False
Is 6 a factor of 39204?
True
Does 13 divide 316492?
False
Is 147108 a multiple of 138?
True
Is 101616 a multiple of 348?
True
Does 2 divide 5477?
False
Is 20 a factor of 258933?
False
Is 134279 a multiple of 84?
False
Does 188 divide 10577632?
True
Is 777 a factor of 3880566?
False
Is 4808955 a multiple of 1219?
True
Is 187 a factor of 332876?
False
Is 330650 a multiple of 425?
True
Is 11 a factor of 2255011?
True
Is 11263814 a multiple of 13?
False
Is 11 a factor of 1076042?
True
Is 157 a factor of 4503722?
False
Is 5 a factor of 808112?
False
Is 13 a factor of 102325?
False
Is 150257 a multiple of 131?
True
Is 2145270 a multiple of 2?
True
Is 4169984 a multiple of 128?
True
Is 10 a factor of 23971?
False
Is 11 a factor of 28026?
False
Does 212 divide 46416?
False
Is 50 a factor of 1749129?
False
Does 6 divide 633236?
False
Does 10 divide 5780?
True
Is 504360 a multiple of 231?
False
Is 383 a factor of 1777503?
True
Does 4 divide 855659?
False
Is 80969 a multiple of 7?
True
Is 29232 a multiple of 27?
False
Is 2740748 a multiple of 3?
False
Does 34 divide 33082?
True
Is 51 a factor of 822936?
True
Is 10 a factor of 1040044?
False
Is 75 a factor of 71544?
False
Is 4197153 a multiple of 9?
False
Is 188240 a multiple of 2?
True
Is 110 a factor of 95700?
True
Does 20 divide 18402566?
False
Is 418 a factor of 485716?
True
Does 114 divide 2691870?
False
Is 201300 a multiple of 5?
True
Does 24 divide 35664?
True
Does 278 divide 6041449?
False
Is 19 a factor of 2354944?
False
Does 75 divide 8667?
False
Is 10081075 a multiple of 551?
False
Is 11 a factor of 67991?
True
Is 191160 a multiple of 139?
False
Is 1221551 a multiple of 38?
False
Is 39 a factor of 117945?
False
Is 12 a factor of 534540?
True
Is 67 a factor of 26197?
True
Is 106572 a multiple of 249?
True
Is 23 a factor of 14166?
False
Is 72360 a multiple of 67?
True
Does 42 divide 2459100?
True
Is 108 a factor of 6001560?
True
Does 127 divide 21953855?
True
Does 24 divide 52358?
False
Does 33 divide 45573?
True
Is 615830 a multiple of 16?
False
Is 9 a factor of 133097?
False
Is 77100 a multiple of 15?
True
Is 73 a factor of 41279?
False
Is 221048 even?
True
Is 4772264 a multiple of 868?
True
Is 290193 a multiple of 14?
False
Does 73 divide 52832?
False
Is 1064965 a multiple of 5?
True
Does 2 divide 54903?
False
Does 78 divide 42396?
False
Is 439296 a multiple of 128?
True
Is 10251 a multiple of 51?
True
Is 286752 a multiple of 150?
False
Is 13288539 a multiple of 417?
True
Is 223 a factor of 607452?
True
Does 61 divide 4114693?
False
Is 927650 a multiple of 21?
False
Is 2 a factor of 340172?
True
Does 154 divide 742742?
True
Is 533808 a multiple of 44?
True
Is 133 a factor of 39501?
True
Does 298 divide 566074?
False
Is 21 a factor of 128176?
False
Is 4 a factor of 28102?
False
Is 5166 a multiple of 123?
True
Does 38 divide 60097?
False
Is 1036 a factor of 1746696?
True
Is 680381 a multiple of 263?
True
Does 37 divide 35853?
True
Is 47 a factor of 103447?
True
Is 439152 a multiple of 12?
True
Is 110272 a multiple of 37?
False
Does 36 divide 1038564?
True
Is 1090398 a multiple of 691?
True
Is 3701535 a multiple of 1235?
False
Does 4 divide 392876?
True
Is 12 a factor of 599820?
True
Is 4 a factor of 762348?
True
Is 522507 a multiple of 1241?
False
Is 607410 a multiple of 51?
True
Does 121 divide 3645239?
False
Does 37 divide 3040809?
False
Does 266 divide 4004433?
False
Does 364 divide 18564000?
True
Does 83 divide 1218108?
True
Is 47 a factor of 86151?
True
Does 26 divide 1563988?
False
Is 10048678 a multiple of 1018?
True
Is 16 a factor of 180513?
False
Does 28 divide 542030?
False
Is 81 a factor of 334322?
False
Is 14 a factor of 33726?
True
Is 196553 a multiple of 16?
False
Is 2188458 a multiple of 79?
True
Is 225 a factor of 111150?
True
Does 5 divide 1877943?
False
Is 25 a factor of 1274716?
False
Is 433840 a multiple of 10?
True
Is 73 a factor of 2857658?
True
Is 62550 a multiple of 75?
True
Does 16 divide 608305?
False
Is 1638000 a multiple of 585?
True
Does 28 divide 77252?
True
Is 146 a factor of 16934?
False
Is 275249 a multiple of 114?
False
Does 21 divide 227766?
True
Is 177426 a multiple of 735?
False
Is 14 a factor of 58632?
True
Is 1201 a factor of 828252?
False
Does 160 divide 66080?
True
Does 14 divide 7769?
False
Is 39 a factor of 194754?
False
Does 446 divide 1997108?
False
Is 493491 a multiple of 5?
False
Is 12 a factor of 5869047?
False
Does 429 divide 1740745?
False
Does 307 divide 1166293?
True
Is 1192308 a multiple of 26?
True
Does 1096 divide 572049?
False
Is 3 a factor of 288358?
False
Is 37 a factor of 7958515?
True
Is 799 a factor of 1617176?
True
Is 16 a factor of 6361664?
True
Is 7734 a multiple of 2?
True
Does 59 divide 38676?
False
Is 1889181 a multiple of 853?
False
Does 4 divide 3588?
True
Is 22194 a multiple of 4?
False
Is 28 a factor of 11770265?
False
Does 19 divide 573651?
False
Does 586 divide 748463?
False
Is 179479 a multiple of 28?
False
Does 154 divide 459228?
True
Is 780003 a multiple of 63?
True
Does 266 divide 1428420?
True
Is 233831 even?
False
Does 233 divide 132810?
True
Is 1321561 a multiple of 103?
False
Is 614075 a multiple of 18?
False
Is 85816 a multiple of 68?
True
Is 57 a factor of 689534?
False
Does 104 divide 374401?
False
Does 20 divide 13895193?
False
Is 6897 a multiple of 57?
True
Is 68 a factor of 56100?
True
Is 6 a factor of 6277080?
True
Is 98182 a multiple of 262?
False
Is 34 a factor of 3306092?
True
Is 388 a factor of 2876980?
False
Does 395 divide 491242?
False
Is 23 a factor of 106283?
True
Is 94710 a multiple of 154?
True
Is 3232796 a multiple of 14?
True
Does 70 divide 73789?
False
Is 469176 a multiple of 452?
True
Is 43 a factor of 30265?
False
Is 163206 a multiple of 410?
False
Is 505240 a multiple of 34?
True
Does 19 divide 60613?
False
Is 575904 a multiple of 14?
True
Is 177 a factor of 7395162?
False
Does 71 divide 55380?
True
Is 153820 a multiple of 90?
False
Does 233 divide 60535?
False
Does 11 divide 3030626?
False
Does 166